29
Calculate the highest common factor of 102409411 and 35815.
7163
What is the highest common factor of 11384992 and 208?
16
Calculate the highest common factor of 534 and 433488.
6
What is the highest common factor of 2468 and 1710941?
617
What is the greatest common factor of 60288390 and 27?
9
Calculate the highest common divisor of 1202 and 139376107.
601
Calculate the highest common divisor of 4362864 and 240.
48
What is the greatest common divisor of 153944693 and 94?
47
Calculate the highest common divisor of 499 and 27541806.
499
What is the highest common factor of 1033712 and 3312?
368
What is the greatest common divisor of 401852 and 8492?
44
Calculate the highest common factor of 639804 and 37972.
44
What is the highest common divisor of 80872 and 2926?
22
What is the greatest common factor of 27 and 4563081?
27
Calculate the greatest common factor of 1104031 and 173417.
1717
What is the greatest common divisor of 1454 and 59382814?
1454
What is the greatest common factor of 386797 and 5249?
181
What is the greatest common divisor of 1981502 and 5270302?
8222
Calculate the highest common factor of 5 and 1919549.
1
Calculate the greatest common factor of 3 and 39191468.
1
Calculate the highest common factor of 51 and 729912.
51
What is the highest common divisor of 999776 and 5970?
398
Calculate the greatest common factor of 252 and 1266615.
63
What is the greatest common factor of 27247712 and 864?
32
Calculate the greatest common factor of 351200 and 28816.
16
Calculate the greatest common factor of 686680 and 440.
40
What is the highest common divisor of 866685932 and 669?
223
Calculate the highest common divisor of 2924 and 102082.
86
What is the highest common divisor of 3201 and 207289?
97
What is the greatest common factor of 291557 and 791?
7
What is the greatest common factor of 28736748 and 1188?
108
What is the highest common factor of 30804 and 12291702?
906
Calculate the highest common factor of 585 and 675477.
9
Calculate the highest common factor of 5 and 54378580.
5
Calculate the greatest common divisor of 540 and 5466495.
15
Calculate the highest common divisor of 786 and 15950036.
262
What is the highest common divisor of 2717 and 131148602?
247
Calculate the highest common factor of 2 and 38297712.
2
What is the greatest common divisor of 69757 and 38744274?
883
Calculate the highest common factor of 5555682 and 495.
99
What is the greatest common divisor of 14798173 and 1586?
793
Calculate the greatest common divisor of 124021227 and 1784.
223
What is the highest common factor of 14790 and 54495234?
2958
What is the highest common divisor of 8548601 and 794?
397
Calculate the greatest common divisor of 1085475 and 50475.
75
Calculate the highest common factor of 22 and 2270974134.
22
Calculate the greatest common divisor of 1210 and 4200878.
242
Calculate the highest common divisor of 548 and 35276404.
548
Calculate the highest common factor of 76 and 8306572.
76
What is the highest common divisor of 2437981 and 33215?
6643
Calculate the highest common divisor of 109681858 and 197098.
6358
What is the greatest common factor of 19 and 906293?
1
Calculate the highest common divisor of 262362 and 46866.
438
What is the highest common divisor of 55050 and 83127702?
2202
Calculate the greatest common divisor of 1435 and 23231215.
1435
Calculate the highest common divisor of 100047495 and 2005.
2005
What is the highest common factor of 784615 and 12415?
65
Calculate the greatest common divisor of 60101136 and 864.
432
Calculate the greatest common factor of 4748 and 264.
4
Calculate the highest common divisor of 393 and 48781387.
131
What is the highest common divisor of 12244863 and 141?
141
Calculate the greatest common divisor of 1402885 and 211255.
1265
What is the highest common divisor of 5018 and 2059889?
2509
What is the highest common factor of 490 and 82225430?
490
Calculate the highest common factor of 7 and 116638781.
7
Calculate the greatest common divisor of 176 and 33008544.
16
Calculate the highest common factor of 9581689 and 156.
13
Calculate the greatest common factor of 109 and 291396240.
109
Calculate the greatest common factor of 680753040 and 16.
16
Calculate the highest common divisor of 744 and 1467615144.
744
Calculate the highest common divisor of 6288 and 65562.
6
What is the highest common divisor of 580 and 187100?
20
Calculate the highest common factor of 6024 and 1146066.
1506
Calculate the greatest common divisor of 1245779 and 9.
1
Calculate the highest common divisor of 165140 and 168820.
460
What is the greatest common divisor of 33950 and 156450?
350
What is the greatest common factor of 2938401 and 19071?
1467
What is the highest common divisor of 43628922 and 54?
54
Calculate the greatest common factor of 20215220 and 1354.
1354
What is the greatest common factor of 64692 and 1475337?
1797
What is the greatest common divisor of 118195 and 14014?
77
Calculate the highest common divisor of 381351 and 124581.
951
Calculate the highest common divisor of 339361 and 29766.
11
Calculate the highest common factor of 44504011 and 5848.
731
What is the highest common factor of 11897786 and 1526?
218
What is the greatest common divisor of 4269113 and 2263?
73
Calculate the greatest common divisor of 1389893 and 79.
1
What is the highest common divisor of 1575207 and 52191?
27
What is the highest common factor of 241160494 and 212?
106
What is the greatest common factor of 28449 and 25815887?
3161
What is the highest common divisor of 80958 and 66417?
393
What is the highest common divisor of 912 and 51929565?
57
Calculate the greatest common factor of 91179 and 17908231.
3377
Calculate the greatest common divisor of 12980 and 112640.
220
What is the greatest common divisor of 1268665 and 95?
5
What is the highest common divisor of 37148471 and 235?
47
What is the highest common divisor of 43417 and 102091?
11
Calculate the highest common divisor of 1396604 and 913.
11
What is the highest common divisor of 9504840 and 17510?
1030
What is the highest common divisor of 295255839 and 965?
193
Calculate the highest common divisor of 136510 and 3095785.
935
Calculate the greatest common divisor of 1662 and 1639488.
6
What is the greatest common factor of 243410 and 27520?
10
What is the greatest common factor of 2083 and 58317751?
2083
What is the highest common divisor of 22447720 and 10?
10
Calculate the greatest common divisor of 1292 and 7085784.
76
Calculate the greatest common factor of 10941 and 241416.
21
What is the greatest common factor of 44859 and 258913?
19
What is the highest common divisor of 40 and 529630?
10
Calculate the highest common divisor of 1148224 and 20944.
1232
Calculate the greatest common divisor of 253113 and 226338.
357
What is the highest common factor of 15164 and 1088476?
68
What is the highest common divisor of 454815 and 2773810?
5615
Calculate the greatest common divisor of 2084 and 114384.
4
What is the highest common factor of 2424 and 3607272?
24
What is the greatest common factor of 105 and 98198457?
21
Calculate the greatest common divisor of 2648696 and 1432.
8
What is the greatest common factor of 49880 and 1364820?
860
What is the greatest common factor of 2658599 and 59?
59
Calculate the greatest common divisor of 310998538 and 502.
502
Calculate the highest common divisor of 1575531 and 53.
53
What is the highest common divisor of 32 and 289562656?
32
Calculate the highest common divisor of 16849 and 63128555.
581
Calculate the greatest common divisor of 167070 and 240.
30
What is the greatest common factor of 15240223 and 13957?
821
Calculate the greatest common factor of 286524 and 69552.
756
Calculate the highest common factor of 1612 and 111788.
4
Calculate the highest common divisor of 7755 and 172443.
141
Calculate the greatest common divisor of 42784 and 1152.
32
What is the highest common factor of 2376 and 11286297?
297
Calculate the greatest common divisor of 1238083 and 1379.
7
What is the greatest common divisor of 153251873 and 24277?
2207
What is the greatest common factor of 211410 and 12990?
30
Calculate the highest common factor of 108496872 and 132.
132
Calculate the highest common factor of 114234 and 3109914.
474
What is the